s -140663 + -72?
-140755
In base 7, what is -2335 - 14230?
-16565
In base 10, what is 46965 + 85?
47050
In base 7, what is 236 + 1031664?
1032233
In base 10, what is 1 + 5031720?
5031721
In base 4, what is -3 + 2221131332323?
2221131332320
In base 4, what is 231211210321 - 1?
231211210320
In base 2, what is 1001101100100001001010101 - 101?
1001101100100001001010000
In base 7, what is -3 + -103426512?
-103426515
In base 14, what is 563d4b9 + a?
563d4c5
In base 4, what is -221131331 + 302?
-221131023
In base 3, what is -200121101 + 1001010?
-122120021
In base 8, what is 1647 - -127440?
131307
In base 12, what is 13406 + 6680?
19a86
In base 6, what is -355521010 - 41?
-355521051
In base 8, what is 1116113 - -45?
1116160
In base 9, what is -3 - -43555460?
43555456
In base 14, what is -3d0cd9 + -2?
-3d0cdb
In base 5, what is 1013314232 + 123?
1013314410
In base 12, what is -1 - 2175a910?
-2175a911
In base 2, what is 110010 + 101101101111001000101?
101101101111001110111
In base 4, what is 21012121203 + -10013?
21012111130
In base 7, what is 1 - -30360363?
30360364
In base 5, what is 113 - -311242223?
311242341
In base 10, what is 10 + -5320247?
-5320237
In base 8, what is 33220250 + -11?
33220237
In base 16, what is -3a - 40384?
-403be
In base 14, what is -3 - 375c1c6d?
-375c1c72
In base 7, what is 1642600 - 3?
1642564
In base 9, what is -14663 - -35485?
20722
In base 12, what is -767 - 77021?
-77788
In base 12, what is 5 + ba0443?
ba0448
In base 2, what is 1001111110 + -10001000101001?
-1111110101011
In base 4, what is -2201121221332 + -10?
-2201121222002
In base 13, what is -24b - 109323?
-109571
In base 9, what is 2 + 222243270?
222243272
In base 15, what is 2da1cd + 3?
2da1d1
In base 11, what is 83a65 + -595?
83480
In base 11, what is -14a + 2511?
2372
In base 12, what is 1 + 22aabb?
22ab00
In base 9, what is 2427 - -100148?
102576
In base 10, what is 2 + -814661?
-814659
In base 3, what is -12001100 - -21221100?
2220000
In base 7, what is -144022151 + -24?
-144022205
In base 10, what is -115669671 + 12?
-115669659
In base 5, what is 1 - -10404231134?
10404231140
In base 11, what is 3 - -57639668?
57639670
In base 3, what is -101101222202222 - -20012?
-101101222112210
In base 8, what is -170341 + -150?
-170511
In base 7, what is 5 - 1132566205?
-1132566200
In base 10, what is 3950 - 2845?
1105
In base 2, what is -110010110011010100 + -10110100?
-110010110110001000
In base 8, what is -400126 + 1072?
-377034
In base 16, what is 649 - -2abf?
3108
In base 6, what is 1352334255 + -2?
1352334253
In base 12, what is -13a - -4983b?
49701
In base 9, what is -532751 + 86?
-532654
In base 6, what is 101210 + 4252?
105502
In base 8, what is 25310205 + 127?
25310334
In base 16, what is 4b + 21f1ed?
21f238
In base 2, what is 100010110010001000001 + 110001011?
100010110010111001100
In base 14, what is 5701 + -28b?
5454
In base 14, what is -50aa3 - -120?
-50983
In base 3, what is -1011020010120122 + -12?
-1011020010120211
In base 3, what is 10001011222112 + 10221?
10001012010110
In base 12, what is -2b - -22280?
22251
In base 9, what is -67 + -343570?
-343647
In base 12, what is 37 + 352289?
352304
In base 4, what is 2030321 - 303002?
1121313
In base 5, what is -10 - 433104222?
-433104232
In base 3, what is -20202110211100212 - 10?
-20202110211100222
In base 7, what is -322524524 + 2?
-322524522
In base 7, what is 204 + 126043?
126250
In base 11, what is 178 - 43a922?
-43a755
In base 13, what is -3048ba + 4?
-3048b6
In base 13, what is 86 + -6b2b6?
-6b230
In base 15, what is 3a38 - -1b6?
3bee
In base 15, what is -a86ed8 - -9?
-a86ece
In base 8, what is -3 - 27013367?
-27013372
In base 5, what is -303024 - -321242?
13213
In base 6, what is -325314512 - 12?
-325314524
In base 10, what is -139612 + 41?
-139571
In base 4, what is 10020220 - -1311?
10022131
In base 3, what is -1100010111201120 - -10?
-1100010111201110
In base 9, what is -2 - -10854484?
10854482
In base 10, what is -178029985 - 1?
-178029986
In base 8, what is -156510272 - -33?
-156510237
In base 10, what is -7 - -16392090?
16392083
In base 4, what is -1030321012 - -231?
-1030320121
In base 9, what is -1701 - 7616?
-10417
In base 15, what is -1 + 2e64b0?
2e64ae
In base 4, what is 13102 + 1231303?
1311011
In base 13, what is -1759 - -3ac1?
2365
In base 3, what is 10121 - -210112102002011?
210112102012202
In base 6, what is -4 - -324055555?
324055551
In base 15, what is 0 + 392495?
392495
In base 11, what is -19 - -2696326?
2696308
In base 10, what is -338613 + 1?
-338612
In base 3, what is 102020221211110 + 12?
102020221211122
In base 3, what is 0 + -2122022122021122?
-2122022122021122
In base 8, what is 0 - -225230?
225230
In base 6, what is -100443 + -433224?
-534111
In base 16, what is d - -5a4cb?
5a4d8
In base 7, what is -151 - -2031662?
2031511
In base 13, what is -3543838 + 3?
-3543835
In base 12, what is 8259 + -1610?
6849
In base 11, what is 3601a23 + -7?
3601a17
In base 13, what is 68 + -193c?
-18a4
In base 6, what is -15331525 + -115?
-15332044
In base 9, what is 5083 - 11416?
-5323
In base 2, what is -101000001011100101111000 - 11010?
-101000001011100110010010
In base 10, what is 1310 - -640773?
642083
In base 16, what is 5 - 5ad130?
-5ad12b
In base 8, what is -407775 - -2?
-407773
In base 3, what is -2222010121011 + 0?
-2222010121011
In base 10, what is 8 - 13484585?
-13484577
In base 7, what is 51002516 - 2?
51002514
In base 16, what is -4 - 2d58205?
-2d58209
In base 2, what is 101011000000011111011101 - -10?
101011000000011111011111
In base 11, what is 2299 - -320a4?
34392
In base 15, what is -3b1b3986 + -3?
-3b1b3989
In base 6, what is -5521302540 + -5?
-5521302545
In base 8, what is 1565 - -37?
1624
In base 13, what is -3c9 + 55ab?
51b2
In base 3, what is -12 - -10021201011211?
10021201011122
In base 3, what is -120010012 - 1101000022?
-1221010111
In base 6, what is 2 + -1123111302?
-1123111300
In base 8, what is -1132 + 177775?
176643
In base 9, what is -117554 - -6146?
-111407
In base 12, what is 16106 - b7a?
15148
In base 2, what is -101 - 1000000111011000000101?
-1000000111011000001010
In base 10, what is 5 + -10714489?
-10714484
In base 7, what is 30655064 + 234?
30655331
In base 12, what is -16 - -522a4?
5228a
In base 12, what is -74305 + 15?
-742b0
In base 5, what is 124 + 40132041?
40132220
In base 6, what is -2144030333 - 3?
-2144030340
In base 11, what is 3322 - -38050?
40372
In base 12, what is 2ab517 + -16?
2ab501
In base 8, what is -10410173 - -1?
-10410172
In base 2, what is -10000000011001110110011000 - 10?
-10000000011001110110011010
In base 3, what is -12101121 - 210211202?
-1000020100
In base 7, what is -13651240 - 2?
-13651242
In base 12, what is 14b3 - -180b?
3102
In base 9, what is -1065035 - 141?
-1065176
In base 5, what is -143 - 11134312?
-11140010
In base 5, what is -3412132 - 132224?
-4044411
In base 9, what is 5562 + 13406?
20068
In base 9, what is 28 - 401016?
-400877
In base 15, what is 66a5a + -43?
66a17
In base 3, what is 10101102211201201120 + -2?
10101102211201201111
In base 2, what is 10011000011111 - -11000111011011?
101011111111010
In base 14, what is 208aa6 - -8?
208ab0
In base 4, what is 3201330323202 - -10?
3201330323212
In base 9, what is -538 - -23840?
23301
In base 9, what is -4606234 + 4?
-4606230
In base 8, what is 2106 + 15701?
20007
In base 15, what is -295 + -23cdd?
-24083
In base 13, what is 4 + -36756?
-36752
In base 11, what is -3 + 115312a6?
115312a3
In base 14, what is c0 + -76035?
-75d55
In base 6, what is 450353 - -40?
450433
In base 4, what is -13 - -1032011032303?
1032011032230
In base 10, what is 93 + -202195?
-202102
In base 6, what is 242040 - 322400?
-40320
In base 7, what is 2125 + -115552?
-113424
In base 9, what is -3731282 + -3?
-3731285
In base 16, what is -29a207 - -3?
-29a204
In base 6, what is -121 + 4024152?
4024031
In base 9, what is 6 + 5483181?
5483187
In base 12, what is -14562 - 65b?
-15001
In base 14, what is 655 - a054c?
-9dcd7
In base 9, what is -5 - -51825144?
51825138
In base 7, what is -5236323 + -20?
-5236343
In base 13, what is -b922a2 + -10?
-b922b2
In base 14, what is -b98 + -c18a?
-cd44
In base 14, what is 9ac9 + -52?
9a77
In base 5, what is 423103211031 + -1?
423103211030
In base 9, what is -3801